st common divisor of b and 85?
17
Let x(b) = -b**2 - 11*b + 7. Let k be x(-11). Let f be (-1)/(-1)*k + -1. Calculate the highest common divisor of 6 and f.
6
Suppose -13 = -2*h + 5*d, 2*h - 3 = d - 6*d. Let g = -6 - -1. Let l = 11 + g. What is the highest common divisor of h and l?
2
Let p(b) = -39*b + 13. Let l(f) = -13*f + 4. Let z(u) = -13*l(u) + 4*p(u). Let m be z(-3). Let d = m + 67. What is the greatest common factor of 7 and d?
7
Let l(q) = q**2 + 5*q - 2. Let s be l(-7). What is the highest common divisor of 48 and s?
12
Let k(m) = m**2 + 4*m - 6. Let p be k(-6). Let g(v) = 4*v - 6*v**2 - v**3 + v + 0 + 2*v**3 + 6. Let f be g(5). What is the highest common factor of f and p?
6
Suppose -p - 2*p - 2*o = -30, -4*p - 2*o = -40. Calculate the greatest common factor of p and 4.
2
Suppose -2*n + c + 60 = n, -5*n + 5*c + 100 = 0. What is the greatest common factor of n and 50?
10
Let p = 5 + 4. What is the greatest common factor of p and 81?
9
Suppose 2*o + 366 = 3*d, -4*d - 5*o + 745 = 234. Let w = d - 28. What is the greatest common factor of w and 12?
12
Suppose s - 34 = -s. Let d = 71 - s. What is the greatest common factor of 18 and d?
18
Let j be 2/9 - 4152/(-27). What is the highest common divisor of 14 and j?
14
Let i be -2 + -3*(-4)/3. Calculate the greatest common factor of 5 and i.
1
Suppose -l = 89 - 93. Suppose -3*y + c = -1, -2*c + 10 = 5*y + 1. Calculate the greatest common divisor of l and y.
1
Suppose 2*j = -0*j + 4*s + 48, -3*j - 4*s + 112 = 0. Calculate the highest common factor of 80 and j.
16
Let v be (12/(-16))/(12/(-32)). Suppose 20 = 2*i - v. Calculate the highest common factor of i and 22.
11
Let n be ((-2)/(-6)*80)/((-1)/(-3)). What is the highest common factor of n and 20?
20
Let m = 165 + -237. Let f = m - -102. What is the highest common factor of f and 45?
15
Suppose 5*n - 2*j - 15 = 0, -3*j - 7 + 1 = -2*n. Let m = n + -1. Suppose m*f - 84 = -5*d, 5*f - 210 = 5*d - 4*d. What is the highest common factor of f and 14?
14
Suppose 3*m + 1 - 16 = 0. Let s = m - 2. Suppose -3 = -w + s. Calculate the highest common factor of w and 54.
6
Let x be 10 + -6 - (2 - 2). What is the highest common factor of x and 24?
4
Let n = 158 - 153. Calculate the greatest common factor of n and 5.
5
Suppose 2*k = -3*t + 77, -t - 2*t - 3*k = -72. Let f be t - (0 + (-3)/3). Calculate the greatest common divisor of f and 6.
6
Suppose -2*h - 2*q + 186 = q, 0 = h - 2*q - 86. What is the greatest common factor of 10 and h?
10
Let s = 2 + 7. What is the highest common divisor of s and 63?
9
Let h = -241 - -486. Let g = h - 80. Suppose 2*y = -5*x + 65, -x + 5*y = 3*x - 85. What is the greatest common divisor of g and x?
15
Suppose 5*q + 5*a + 5 = -0*a, 0 = -3*q - 5*a - 9. What is the greatest common factor of 16 and q?
2
Let m be -3 + 2 + 9 + -1. What is the greatest common factor of 28 and m?
7
Suppose -20*v + 12*v + 1360 = 0. What is the highest common factor of v and 10?
10
Let t be (-4*1)/1*-1. Let p be (-1)/t + (-27)/(-12). Calculate the highest common factor of 1 and p.
1
Let p(h) = -h + 137. Let g(i) = -2*i + 273. Let v(a) = -6*g(a) + 13*p(a). Let z be v(0). Calculate the highest common factor of 13 and z.
13
Suppose -h = 3*h. Suppose h*a + 20 = 5*a. Let i = a + 26. Calculate the greatest common divisor of 12 and i.
6
Let p be 3/15 + (-74)/(-5). Let b be 76/12 - 20/p. Calculate the highest common factor of b and 35.
5
Suppose -4*z + 6 - 166 = 0. Let b = 103 + z. Suppose -2*m = -2*o + 18, 5*o - 2*m + 3*m - 33 = 0. Calculate the greatest common factor of o and b.
7
Suppose -40 = -2*w - 2*w. Suppose -m + 2*x = -0*x - 10, w = 5*x. Let i be m*(5/2)/5. Calculate the highest common divisor of 14 and i.
7
Suppose -2*k - 2*k = -84. Suppose 133 = 4*u - 287. What is the greatest common factor of k and u?
21
Let a be 4*((-6)/10 - 1304/(-40)). What is the highest common divisor of 16 and a?
16
Let v be 90/(-81)*-12 - 8/6. Calculate the highest common divisor of v and 60.
12
Suppose -5*j + 14 + 11 = 0. Let r be (-19 - 1)*(-2)/j. Calculate the greatest common divisor of r and 8.
8
Let p = 11 + -4. Suppose 3*q + p = x + x, -4*q + 75 = 5*x. What is the greatest common divisor of x and 22?
11
Let c = -71 + 104. Calculate the highest common divisor of 55 and c.
11
Let t be 36 + -1*(0 + 3). What is the greatest common divisor of 22 and t?
11
Let h be ((-6)/9)/(2/(-36)). Suppose -v + h = -6. What is the greatest common factor of 12 and v?
6
Let a(q) = 2*q + 1. Let f be a(-3). Let o(s) = 3*s**2 - 2*s + 5. Let i be o(f). Suppose 6*c - 2*c = 40. Calculate the greatest common divisor of i and c.
10
Suppose -4*r = -111 + 15. Let f(u) = u**3 - u**2 - u + 1. Let b be f(1). Suppose -r = -3*s - b. What is the greatest common factor of s and 56?
8
Suppose d = -3*d. Let f(q) = -q**2 - 9*q - 6. Let u be f(-7). Suppose -5*b + 7 + u = d. Calculate the highest common factor of b and 15.
3
Suppose 0 = -n - 20 - 53. Let a = -46 - n. What is the highest common divisor of a and 18?
9
Suppose -10*n + 102 + 458 = 0. Calculate the highest common divisor of 7 and n.
7
Suppose 0 = k - 0 - 5. Suppose 0 = -2*q + k*q - 90. Calculate the highest common divisor of 6 and q.
6
Let f be (-6568)/(-104) + 2/(-13). Calculate the greatest common factor of 7 and f.
7
Let p(g) = -3 - 3 + 2*g - 4. Let l be p(7). Suppose -l*j - 9 = -5*j. What is the greatest common divisor of j and 6?
3
Let t(p) = 3*p**2 + 4 - 9*p - 2*p**2 + 4 + p. Let o be t(10). Calculate the greatest common factor of 42 and o.
14
Let b(g) = 4*g + 2. Let k be b(2). Calculate the greatest common divisor of 4 and k.
2
Suppose 0*o = o - 16. Suppose 6*d - 18 = -3*d. Calculate the greatest common divisor of o and d.
2
Let c(t) be the third derivative of t**4/6 - t**3/2 + 4*t**2. Let u be c(2). Calculate the greatest common factor of u and 55.
5
Let q(p) = 171*p. Let x be q(1). What is the highest common divisor of 19 and x?
19
Let a(i) = -i**3 + 6*i**2 - 6*i + 3. Let u be a(4). What is the greatest common divisor of 11 and u?
11
Suppose 3*a + 17 = -4*y + 3, 0 = 5*a + 3*y + 5. Suppose 5 = m - a. Suppose 0 = 3*t, m*p - 5*p + 3*t - 90 = 0. Calculate the highest common divisor of 15 and p.
15
Let k(c) = -c**2 - 2. Let z be k(0). Let s = 5 + z. Calculate the highest common divisor of s and 21.
3
Let c be (6 - 5) + (2 - 0). Suppose -5*n + 5*a - 35 = -655, a + 362 = c*n. What is the greatest common divisor of 17 and n?
17
Let d(j) = -2*j + 30. Let n be d(-7). What is the greatest common divisor of n and 308?
44
Let z(h) = 18*h + 60. Let o be z(15). Calculate the highest common divisor of 30 and o.
30
Let n be 10/4*(-36)/(-10). Suppose 2*i + 3 = -3*y, i - n = -i + y. Suppose -i = -4*v + 5*m, 2*v - m - 1 = v. What is the greatest common divisor of 2 and v?
2
Let k be (-2)/(-1) - -1*1. Suppose -c - 8 = -x - 2, 5*x + k*c = 6. Let y = 24 - 18. What is the highest common factor of x and y?
3
Suppose -3*r + 102 = 5*o, 2*r + 27 = 2*o + 95. Suppose -r = -5*s - 4. Let k be 4/s*(-207)/(-6). What is the greatest common divisor of k and 207?
23
Suppose 3*k + 20 = -k, -24 = -x + 5*k. Let o = -3 + x. Let m = o - -12. Calculate the greatest common divisor of m and 4.
4
Let a(u) = u - 1. Let o be a(5). Suppose 0 = 2*h - 0*h + 4*v - 60, -o*h + 144 = -4*v. What is the highest common divisor of h and 17?
17
Suppose -2*k + 23 = -2*l - 13, -k - 4*l = -18. Suppose 3*d - 21 = 2*z - 4*z, -z - d + 11 = 0. What is the greatest common divisor of k and z?
6
Let a be 27*5/(-45)*-6. Calculate the highest common factor of a and 24.
6
Let g = -23 + 62. What is the highest common divisor of g and 26?
13
Suppose 0*j - 18 = -3*j. Calculate the greatest common factor of j and 54.
6
Suppose -2*n - 2*z = -0*n + 50, 10 = -2*z. Let q = n + 46. Let a = 25 + -12. What is the greatest common divisor of q and a?
13
Let t(q) = q + 5. Let c be t(6). Let v(b) = -b**3 + 11*b**2 + b + 3. Let m be v(c). Calculate the highest common factor of 14 and m.
14
Suppose -2*b = -0*b - 36. Calculate the highest common divisor of 54 and b.
18
Let x(z) = z**2 - 9*z + 3. Let m be x(10). What is the highest common divisor of 65 and m?
13
Let m = 75 + -3. What is the greatest common factor of 9 and m?
9
Let f be (-17)/(-102) + 34/12. Let w be 4 + -2 + 1 - 1. What is the highest common factor of w and f?